Last updated on 2022-08-15 08:50:12 CEST.
Flavor | Version | Tinstall | Tcheck | Ttotal | Status | Flags |
---|---|---|---|---|---|---|
r-devel-linux-x86_64-debian-clang | 2.4.2 | 11.16 | 107.24 | 118.40 | OK | |
r-devel-linux-x86_64-debian-gcc | 2.4.2 | 9.76 | 78.45 | 88.21 | OK | |
r-devel-linux-x86_64-fedora-clang | 2.4.2 | 151.97 | NOTE | |||
r-devel-linux-x86_64-fedora-gcc | 2.4.2 | 158.01 | OK | |||
r-devel-windows-x86_64 | 2.4.2 | 33.00 | 131.00 | 164.00 | OK | |
r-patched-linux-x86_64 | 2.4.2 | 10.39 | 98.80 | 109.19 | OK | |
r-release-linux-x86_64 | 2.4.2 | 10.11 | 99.22 | 109.33 | OK | |
r-release-macos-arm64 | 2.4.2 | 44.00 | OK | |||
r-release-macos-x86_64 | 2.4.2 | 70.00 | OK | |||
r-release-windows-x86_64 | 2.4.2 | 38.00 | 131.00 | 169.00 | OK | |
r-oldrel-macos-arm64 | 2.4.2 | 59.00 | OK | |||
r-oldrel-macos-x86_64 | 2.4.2 | 78.00 | OK | |||
r-oldrel-windows-ix86+x86_64 | 2.4.2 | 25.00 | 125.00 | 150.00 | OK |
Version: 2.4.2
Check: package dependencies
Result: NOTE
Imports includes 31 non-default packages.
Importing from so many packages makes the package vulnerable to any of
them becoming unavailable. Move as many as possible to Suggests and
use conditionally.
Flavor: r-devel-linux-x86_64-fedora-clang