Last updated on 2022-08-15 08:50:12 CEST.
Flavor | Version | Tinstall | Tcheck | Ttotal | Status | Flags |
---|---|---|---|---|---|---|
r-devel-linux-x86_64-debian-clang | 0.2 | 3.35 | 30.05 | 33.40 | OK | |
r-devel-linux-x86_64-debian-gcc | 0.2 | 2.69 | 23.55 | 26.24 | OK | |
r-devel-linux-x86_64-fedora-clang | 0.2 | 51.66 | NOTE | |||
r-devel-linux-x86_64-fedora-gcc | 0.2 | 50.39 | NOTE | |||
r-devel-windows-x86_64 | 0.2 | 27.00 | 78.00 | 105.00 | NOTE | |
r-patched-linux-x86_64 | 0.2 | 3.47 | 29.14 | 32.61 | OK | |
r-release-linux-x86_64 | 0.2 | 3.32 | 29.82 | 33.14 | OK | |
r-release-macos-arm64 | 0.2 | 18.00 | OK | |||
r-release-macos-x86_64 | 0.2 | 25.00 | OK | |||
r-release-windows-x86_64 | 0.2 | 29.00 | 80.00 | 109.00 | NOTE | |
r-oldrel-macos-arm64 | 0.2 | 18.00 | OK | |||
r-oldrel-macos-x86_64 | 0.2 | 33.00 | OK | |||
r-oldrel-windows-ix86+x86_64 | 0.2 | 59.00 | 85.00 | 144.00 | NOTE |
Version: 0.2
Check: compiled code
Result: NOTE
File ‘wingui/libs/wingui.so’:
Found no calls to: ‘R_registerRoutines’, ‘R_useDynamicSymbols’
It is good practice to register native routines and to disable symbol
search.
See ‘Writing portable packages’ in the ‘Writing R Extensions’ manual.
Flavors: r-devel-linux-x86_64-fedora-clang, r-devel-linux-x86_64-fedora-gcc
Version: 0.2
Check: R code for possible problems
Result: NOTE
.__A__.1 : <anonymous>: no visible binding for global variable '.hwnd'
Undefined global functions or variables:
.hwnd
Flavors: r-devel-windows-x86_64, r-release-windows-x86_64, r-oldrel-windows-ix86+x86_64