Last updated on 2022-08-15 08:50:12 CEST.
Flavor | Version | Tinstall | Tcheck | Ttotal | Status | Flags |
---|---|---|---|---|---|---|
r-devel-linux-x86_64-debian-clang | 1.0.0 | 2.30 | 29.01 | 31.31 | NOTE | |
r-devel-linux-x86_64-debian-gcc | 1.0.0 | 2.61 | 22.55 | 25.16 | NOTE | |
r-devel-linux-x86_64-fedora-clang | 1.0.0 | 49.95 | NOTE | |||
r-devel-linux-x86_64-fedora-gcc | 1.0.0 | 48.77 | NOTE | |||
r-devel-windows-x86_64 | 1.0.0 | 11.00 | 55.00 | 66.00 | NOTE | |
r-patched-linux-x86_64 | 1.0.0 | 2.79 | 28.38 | 31.17 | OK | |
r-release-linux-x86_64 | 1.0.0 | 3.20 | 28.26 | 31.46 | OK | |
r-release-macos-arm64 | 1.0.0 | 18.00 | OK | |||
r-release-macos-x86_64 | 1.0.0 | 23.00 | OK | |||
r-release-windows-x86_64 | 1.0.0 | 12.00 | 52.00 | 64.00 | OK | |
r-oldrel-macos-arm64 | 1.0.0 | 20.00 | OK | |||
r-oldrel-macos-x86_64 | 1.0.0 | 28.00 | OK | |||
r-oldrel-windows-ix86+x86_64 | 1.0.0 | 7.00 | 52.00 | 59.00 | OK |
Version: 1.0.0
Check: package subdirectories
Result: NOTE
Problems with news in 'NEWS.md':
No news entries found.
Flavors: r-devel-linux-x86_64-debian-clang, r-devel-linux-x86_64-debian-gcc, r-devel-linux-x86_64-fedora-clang, r-devel-linux-x86_64-fedora-gcc, r-devel-windows-x86_64