Last updated on 2022-08-15 08:50:12 CEST.
Flavor | Version | Tinstall | Tcheck | Ttotal | Status | Flags |
---|---|---|---|---|---|---|
r-devel-linux-x86_64-debian-clang | 2.6 | 17.41 | 35.38 | 52.79 | OK | |
r-devel-linux-x86_64-debian-gcc | 2.6 | 13.26 | 27.47 | 40.73 | OK | |
r-devel-linux-x86_64-fedora-clang | 2.6 | 83.97 | NOTE | |||
r-devel-linux-x86_64-fedora-gcc | 2.6 | 77.88 | NOTE | |||
r-devel-windows-x86_64 | 2.6 | 25.00 | 79.00 | 104.00 | OK | |
r-patched-linux-x86_64 | 2.6 | 14.66 | 34.54 | 49.20 | OK | |
r-release-linux-x86_64 | 2.6 | 17.88 | 34.98 | 52.86 | OK | |
r-release-macos-arm64 | 2.6 | 26.00 | NOTE | |||
r-release-macos-x86_64 | 2.6 | 36.00 | NOTE | |||
r-release-windows-x86_64 | 2.6 | 27.00 | 79.00 | 106.00 | OK | |
r-oldrel-macos-arm64 | 2.6 | 32.00 | NOTE | |||
r-oldrel-macos-x86_64 | 2.6 | 48.00 | NOTE | |||
r-oldrel-windows-ix86+x86_64 | 2.6 | 53.00 | 87.00 | 140.00 | OK |
Version: 2.6
Check: data for non-ASCII characters
Result: NOTE
Note: found 2 marked UTF-8 strings
Flavors: r-devel-linux-x86_64-fedora-clang, r-devel-linux-x86_64-fedora-gcc, r-release-macos-arm64, r-release-macos-x86_64, r-oldrel-macos-arm64, r-oldrel-macos-x86_64