Last updated on 2022-08-15 08:50:12 CEST.
Flavor | Version | Tinstall | Tcheck | Ttotal | Status | Flags |
---|---|---|---|---|---|---|
r-devel-linux-x86_64-debian-clang | 0.1-15 | 4.47 | 45.74 | 50.21 | OK | |
r-devel-linux-x86_64-debian-gcc | 0.1-15 | 3.18 | 35.65 | 38.83 | OK | |
r-devel-linux-x86_64-fedora-clang | 0.1-15 | 71.51 | OK | |||
r-devel-linux-x86_64-fedora-gcc | 0.1-15 | 71.22 | OK | |||
r-devel-windows-x86_64 | 0.1-15 | 16.00 | 77.00 | 93.00 | NOTE | |
r-patched-linux-x86_64 | 0.1-15 | 4.22 | 45.28 | 49.50 | OK | |
r-release-linux-x86_64 | 0.1-15 | 2.78 | 45.99 | 48.77 | OK | |
r-release-macos-arm64 | 0.1-15 | 23.00 | NOTE | |||
r-release-macos-x86_64 | 0.1-15 | 35.00 | NOTE | |||
r-release-windows-x86_64 | 0.1-15 | 8.00 | 75.00 | 83.00 | NOTE | |
r-oldrel-macos-arm64 | 0.1-15 | 40.00 | NOTE | |||
r-oldrel-macos-x86_64 | 0.1-15 | 41.00 | NOTE | |||
r-oldrel-windows-ix86+x86_64 | 0.1-15 | 9.00 | 61.00 | 70.00 | OK |
Version: 0.1-15
Check: whether the namespace can be loaded with stated dependencies
Result: NOTE
Warning in initDict() :
cannot find WordNet 'dict' directory: please set the environment variable WNHOME to its parent
A namespace must be able to be loaded with just the base namespace
loaded: otherwise if the namespace gets loaded by a saved object, the
session will be unable to start.
Probably some imports need to be declared in the NAMESPACE file.
Flavors: r-devel-windows-x86_64, r-release-macos-arm64, r-release-macos-x86_64, r-release-windows-x86_64, r-oldrel-macos-arm64, r-oldrel-macos-x86_64