Last updated on 2022-08-15 08:50:12 CEST.
Flavor | Version | Tinstall | Tcheck | Ttotal | Status | Flags |
---|---|---|---|---|---|---|
r-devel-linux-x86_64-debian-clang | 0.2-7 | 37.51 | 132.48 | 169.99 | NOTE | |
r-devel-linux-x86_64-debian-gcc | 0.2-7 | 33.77 | 100.60 | 134.37 | NOTE | |
r-devel-linux-x86_64-fedora-clang | 0.2-7 | 226.24 | NOTE | |||
r-devel-linux-x86_64-fedora-gcc | 0.2-7 | 217.91 | NOTE | |||
r-devel-windows-x86_64 | 0.2-7 | 77.00 | 185.00 | 262.00 | NOTE | |
r-patched-linux-x86_64 | 0.2-7 | 42.66 | 126.90 | 169.56 | OK | |
r-release-linux-x86_64 | 0.2-7 | 34.92 | 128.82 | 163.74 | OK | |
r-release-macos-arm64 | 0.2-7 | 62.00 | OK | |||
r-release-macos-x86_64 | 0.2-7 | 81.00 | OK | |||
r-release-windows-x86_64 | 0.2-7 | 91.00 | 182.00 | 273.00 | OK | |
r-oldrel-macos-arm64 | 0.2-7 | 60.00 | OK | |||
r-oldrel-macos-x86_64 | 0.2-7 | 83.00 | OK | |||
r-oldrel-windows-ix86+x86_64 | 0.2-7 | 84.00 | 219.00 | 303.00 | OK |
Version: 0.2-7
Check: Rd files
Result: NOTE
checkRd: (-1) DSM_VerbNounTriples_BNC.Rd:40: Escaped LaTeX specials: \&
checkRd: (-1) eval_clustering.Rd:54: Escaped LaTeX specials: \&
Flavors: r-devel-linux-x86_64-debian-clang, r-devel-linux-x86_64-debian-gcc, r-devel-linux-x86_64-fedora-clang, r-devel-linux-x86_64-fedora-gcc, r-devel-windows-x86_64