Last updated on 2022-08-15 08:50:12 CEST.
Flavor | Version | Tinstall | Tcheck | Ttotal | Status | Flags |
---|---|---|---|---|---|---|
r-devel-linux-x86_64-debian-clang | 0.4.2 | 2.71 | 43.96 | 46.67 | NOTE | |
r-devel-linux-x86_64-debian-gcc | 0.4.2 | 2.32 | 33.10 | 35.42 | NOTE | |
r-devel-linux-x86_64-fedora-clang | 0.4.2 | 66.73 | NOTE | |||
r-devel-linux-x86_64-fedora-gcc | 0.4.2 | 64.78 | NOTE | |||
r-devel-windows-x86_64 | 0.4.2 | 26.00 | 76.00 | 102.00 | NOTE | |
r-patched-linux-x86_64 | 0.4.2 | 3.32 | 41.66 | 44.98 | NOTE | |
r-release-linux-x86_64 | 0.4.2 | 2.36 | 42.28 | 44.64 | NOTE | |
r-release-macos-arm64 | 0.4.2 | 21.00 | NOTE | |||
r-release-macos-x86_64 | 0.4.2 | 32.00 | NOTE | |||
r-release-windows-x86_64 | 0.4.2 | 25.00 | 79.00 | 104.00 | NOTE | |
r-oldrel-macos-arm64 | 0.4.2 | 26.00 | NOTE | |||
r-oldrel-macos-x86_64 | 0.4.2 | 35.00 | NOTE | |||
r-oldrel-windows-ix86+x86_64 | 0.4.2 | 7.00 | 65.00 | 72.00 | NOTE |
Version: 0.4.2
Check: LazyData
Result: NOTE
'LazyData' is specified without a 'data' directory
Flavors: r-devel-linux-x86_64-debian-clang, r-devel-linux-x86_64-debian-gcc, r-devel-linux-x86_64-fedora-clang, r-devel-linux-x86_64-fedora-gcc, r-devel-windows-x86_64, r-patched-linux-x86_64, r-release-linux-x86_64, r-release-macos-arm64, r-release-macos-x86_64, r-release-windows-x86_64, r-oldrel-macos-arm64, r-oldrel-macos-x86_64, r-oldrel-windows-ix86+x86_64