Last updated on 2022-08-15 08:50:12 CEST.
Flavor | Version | Tinstall | Tcheck | Ttotal | Status | Flags |
---|---|---|---|---|---|---|
r-devel-linux-x86_64-debian-clang | 0.3.0 | 3.35 | 30.24 | 33.59 | NOTE | |
r-devel-linux-x86_64-debian-gcc | 0.3.0 | 2.14 | 23.84 | 25.98 | NOTE | |
r-devel-linux-x86_64-fedora-clang | 0.3.0 | 51.56 | NOTE | |||
r-devel-linux-x86_64-fedora-gcc | 0.3.0 | 50.10 | NOTE | |||
r-devel-windows-x86_64 | 0.3.0 | 13.00 | 58.00 | 71.00 | NOTE | |
r-patched-linux-x86_64 | 0.3.0 | 3.31 | 29.74 | 33.05 | NOTE | |
r-release-linux-x86_64 | 0.3.0 | 2.48 | 29.65 | 32.13 | NOTE | |
r-release-macos-arm64 | 0.3.0 | 20.00 | NOTE | |||
r-release-macos-x86_64 | 0.3.0 | 24.00 | NOTE | |||
r-release-windows-x86_64 | 0.3.0 | 20.00 | 60.00 | 80.00 | NOTE | |
r-oldrel-macos-arm64 | 0.3.0 | 23.00 | NOTE | |||
r-oldrel-macos-x86_64 | 0.3.0 | 29.00 | NOTE | |||
r-oldrel-windows-ix86+x86_64 | 0.3.0 | 7.00 | 50.00 | 57.00 | NOTE |
Version: 0.3.0
Check: LazyData
Result: NOTE
'LazyData' is specified without a 'data' directory
Flavors: r-devel-linux-x86_64-debian-clang, r-devel-linux-x86_64-debian-gcc, r-devel-linux-x86_64-fedora-clang, r-devel-linux-x86_64-fedora-gcc, r-devel-windows-x86_64, r-patched-linux-x86_64, r-release-linux-x86_64, r-release-macos-arm64, r-release-macos-x86_64, r-release-windows-x86_64, r-oldrel-macos-arm64, r-oldrel-macos-x86_64, r-oldrel-windows-ix86+x86_64