Last updated on 2022-08-15 08:50:12 CEST.
Flavor | Version | Tinstall | Tcheck | Ttotal | Status | Flags |
---|---|---|---|---|---|---|
r-devel-linux-x86_64-debian-clang | 0.1.1 | 15.71 | 126.15 | 141.86 | OK | |
r-devel-linux-x86_64-debian-gcc | 0.1.1 | 11.95 | 95.21 | 107.16 | OK | |
r-devel-linux-x86_64-fedora-clang | 0.1.1 | 179.84 | NOTE | |||
r-devel-linux-x86_64-fedora-gcc | 0.1.1 | 177.72 | NOTE | |||
r-devel-windows-x86_64 | 0.1.1 | 26.00 | 145.00 | 171.00 | OK | |
r-patched-linux-x86_64 | 0.1.1 | 22.09 | 139.74 | 161.83 | OK | |
r-release-linux-x86_64 | 0.1.1 | 19.15 | 138.12 | 157.27 | OK | |
r-release-macos-arm64 | 0.1.1 | 91.00 | NOTE | |||
r-release-macos-x86_64 | 0.1.1 | 141.00 | NOTE | |||
r-release-windows-x86_64 | 0.1.1 | 35.00 | 142.00 | 177.00 | OK | |
r-oldrel-macos-arm64 | 0.1.1 | 67.00 | NOTE | |||
r-oldrel-macos-x86_64 | 0.1.1 | 109.00 | NOTE | |||
r-oldrel-windows-ix86+x86_64 | 0.1.1 | 28.00 | 141.00 | 169.00 | OK |
Version: 0.1.1
Check: dependencies in R code
Result: NOTE
Namespace in Imports field not imported from: ‘tcltk2’
All declared Imports should be used.
Flavors: r-devel-linux-x86_64-fedora-clang, r-devel-linux-x86_64-fedora-gcc, r-release-macos-arm64, r-release-macos-x86_64, r-oldrel-macos-arm64, r-oldrel-macos-x86_64