Last updated on 2022-08-15 08:50:12 CEST.
Flavor | Version | Tinstall | Tcheck | Ttotal | Status | Flags |
---|---|---|---|---|---|---|
r-devel-linux-x86_64-debian-clang | 1.7.8 | 11.81 | 100.80 | 112.61 | OK | |
r-devel-linux-x86_64-debian-gcc | 1.7.8 | 8.86 | 75.28 | 84.14 | OK | |
r-devel-linux-x86_64-fedora-clang | 1.7.8 | 142.40 | NOTE | |||
r-devel-linux-x86_64-fedora-gcc | 1.7.8 | 148.15 | OK | |||
r-devel-windows-x86_64 | 1.7.8 | 28.00 | 115.00 | 143.00 | OK | |
r-patched-linux-x86_64 | 1.7.8 | 11.49 | 93.14 | 104.63 | OK | |
r-release-linux-x86_64 | 1.7.8 | 11.36 | 93.25 | 104.61 | OK | |
r-release-macos-arm64 | 1.7.8 | 35.00 | OK | |||
r-release-macos-x86_64 | 1.7.8 | 56.00 | OK | |||
r-release-windows-x86_64 | 1.7.8 | 36.00 | 115.00 | 151.00 | OK | |
r-oldrel-macos-arm64 | 1.7.8 | 44.00 | OK | |||
r-oldrel-macos-x86_64 | 1.7.8 | 66.00 | OK | |||
r-oldrel-windows-ix86+x86_64 | 1.7.8 | 26.00 | 115.00 | 141.00 | OK |
Version: 1.7.8
Check: Rd cross-references
Result: NOTE
Undeclared package ‘RSiena’ in Rd xrefs
Flavor: r-devel-linux-x86_64-fedora-clang