Last updated on 2022-08-15 08:50:12 CEST.
Flavor | Version | Tinstall | Tcheck | Ttotal | Status | Flags |
---|---|---|---|---|---|---|
r-devel-linux-x86_64-debian-clang | 0.2.3 | 8.30 | 79.38 | 87.68 | NOTE | |
r-devel-linux-x86_64-debian-gcc | 0.2.3 | 6.75 | 57.33 | 64.08 | NOTE | |
r-devel-linux-x86_64-fedora-clang | 0.2.3 | 111.57 | NOTE | |||
r-devel-linux-x86_64-fedora-gcc | 0.2.3 | 109.46 | NOTE | |||
r-devel-windows-x86_64 | 0.2.3 | 15.00 | 99.00 | 114.00 | NOTE | |
r-patched-linux-x86_64 | 0.2.3 | 7.30 | 74.11 | 81.41 | NOTE | |
r-release-linux-x86_64 | 0.2.3 | 9.76 | 73.91 | 83.67 | NOTE | |
r-release-macos-arm64 | 0.2.3 | 31.00 | NOTE | |||
r-release-macos-x86_64 | 0.2.3 | 52.00 | NOTE | |||
r-release-windows-x86_64 | 0.2.3 | 17.00 | 97.00 | 114.00 | NOTE | |
r-oldrel-macos-arm64 | 0.2.3 | 37.00 | NOTE | |||
r-oldrel-macos-x86_64 | 0.2.3 | 47.00 | NOTE | |||
r-oldrel-windows-ix86+x86_64 | 0.2.3 | 21.00 | 94.00 | 115.00 | NOTE |
Version: 0.2.3
Check: LazyData
Result: NOTE
'LazyData' is specified without a 'data' directory
Flavors: r-devel-linux-x86_64-debian-clang, r-devel-linux-x86_64-debian-gcc, r-devel-linux-x86_64-fedora-clang, r-devel-linux-x86_64-fedora-gcc, r-devel-windows-x86_64, r-patched-linux-x86_64, r-release-linux-x86_64, r-release-macos-arm64, r-release-macos-x86_64, r-release-windows-x86_64, r-oldrel-macos-arm64, r-oldrel-macos-x86_64, r-oldrel-windows-ix86+x86_64