Last updated on 2022-08-15 08:50:12 CEST.
Flavor | Version | Tinstall | Tcheck | Ttotal | Status | Flags |
---|---|---|---|---|---|---|
r-devel-linux-x86_64-debian-clang | 0.1.2 | 2.94 | 45.32 | 48.26 | NOTE | |
r-devel-linux-x86_64-debian-gcc | 0.1.2 | 2.39 | 33.99 | 36.38 | NOTE | |
r-devel-linux-x86_64-fedora-clang | 0.1.2 | 68.41 | NOTE | |||
r-devel-linux-x86_64-fedora-gcc | 0.1.2 | 64.84 | NOTE | |||
r-devel-windows-x86_64 | 0.1.2 | 8.00 | 72.00 | 80.00 | NOTE | |
r-patched-linux-x86_64 | 0.1.2 | 2.93 | 42.70 | 45.63 | NOTE | |
r-release-linux-x86_64 | 0.1.2 | 2.72 | 43.18 | 45.90 | NOTE | |
r-release-macos-arm64 | 0.1.2 | 25.00 | NOTE | |||
r-release-macos-x86_64 | 0.1.2 | 32.00 | NOTE | |||
r-release-windows-x86_64 | 0.1.2 | 7.00 | 73.00 | 80.00 | NOTE | |
r-oldrel-macos-arm64 | 0.1.2 | 24.00 | NOTE | |||
r-oldrel-macos-x86_64 | 0.1.2 | 43.00 | NOTE | |||
r-oldrel-windows-ix86+x86_64 | 0.1.2 | 7.00 | 65.00 | 72.00 | NOTE |
Version: 0.1.2
Check: LazyData
Result: NOTE
'LazyData' is specified without a 'data' directory
Flavors: r-devel-linux-x86_64-debian-clang, r-devel-linux-x86_64-debian-gcc, r-devel-linux-x86_64-fedora-clang, r-devel-linux-x86_64-fedora-gcc, r-devel-windows-x86_64, r-patched-linux-x86_64, r-release-linux-x86_64, r-release-macos-arm64, r-release-macos-x86_64, r-release-windows-x86_64, r-oldrel-macos-arm64, r-oldrel-macos-x86_64, r-oldrel-windows-ix86+x86_64
Version: 0.1.2
Check: for non-standard things in the check directory
Result: NOTE
Found the following files/directories:
'xgb.txt'
Flavors: r-devel-linux-x86_64-debian-clang, r-devel-linux-x86_64-debian-gcc, r-devel-linux-x86_64-fedora-clang, r-devel-linux-x86_64-fedora-gcc, r-patched-linux-x86_64, r-release-linux-x86_64