Last updated on 2022-08-15 08:50:12 CEST.
Flavor | Version | Tinstall | Tcheck | Ttotal | Status | Flags |
---|---|---|---|---|---|---|
r-devel-linux-x86_64-debian-clang | 1.0.1 | 8.05 | 76.11 | 84.16 | NOTE | |
r-devel-linux-x86_64-debian-gcc | 1.0.1 | 7.36 | 59.73 | 67.09 | NOTE | |
r-devel-linux-x86_64-fedora-clang | 1.0.1 | 114.36 | NOTE | |||
r-devel-linux-x86_64-fedora-gcc | 1.0.1 | 111.92 | NOTE | |||
r-devel-windows-x86_64 | 1.0.1 | 13.00 | 99.00 | 112.00 | NOTE | |
r-patched-linux-x86_64 | 1.0.1 | 6.68 | 74.66 | 81.34 | OK | |
r-release-linux-x86_64 | 1.0.1 | 8.76 | 74.59 | 83.35 | OK | |
r-release-macos-arm64 | 1.0.1 | 33.00 | OK | |||
r-release-macos-x86_64 | 1.0.1 | 49.00 | OK | |||
r-release-windows-x86_64 | 1.0.1 | 13.00 | 105.00 | 118.00 | OK | |
r-oldrel-macos-arm64 | 1.0.1 | 39.00 | OK | |||
r-oldrel-macos-x86_64 | 1.0.1 | 64.00 | OK | |||
r-oldrel-windows-ix86+x86_64 | 1.0.1 | 18.00 | 94.00 | 112.00 | OK |
Version: 1.0.1
Check: package subdirectories
Result: NOTE
Problems with news in 'NEWS.md':
No news entries found.
Flavors: r-devel-linux-x86_64-debian-clang, r-devel-linux-x86_64-debian-gcc, r-devel-linux-x86_64-fedora-clang, r-devel-linux-x86_64-fedora-gcc, r-devel-windows-x86_64