Last updated on 2022-08-15 08:50:12 CEST.
Flavor | Version | Tinstall | Tcheck | Ttotal | Status | Flags |
---|---|---|---|---|---|---|
r-devel-linux-x86_64-debian-clang | 1.3-0 | 11.77 | 84.55 | 96.32 | NOTE | |
r-devel-linux-x86_64-debian-gcc | 1.3-0 | 8.41 | 65.42 | 73.83 | NOTE | |
r-devel-linux-x86_64-fedora-clang | 1.3-0 | 123.88 | NOTE | |||
r-devel-linux-x86_64-fedora-gcc | 1.3-0 | 129.74 | NOTE | |||
r-devel-windows-x86_64 | 1.3-0 | 17.00 | 106.00 | 123.00 | OK | |
r-patched-linux-x86_64 | 1.3-0 | 10.13 | 79.60 | 89.73 | OK | |
r-release-linux-x86_64 | 1.3-0 | 9.53 | 80.69 | 90.22 | OK | |
r-release-macos-arm64 | 1.3-0 | 35.00 | OK | |||
r-release-macos-x86_64 | 1.3-0 | 47.00 | OK | |||
r-release-windows-x86_64 | 1.3-0 | 15.00 | 109.00 | 124.00 | OK | |
r-oldrel-macos-arm64 | 1.3-0 | 52.00 | OK | |||
r-oldrel-macos-x86_64 | 1.3-0 | 75.00 | OK | |||
r-oldrel-windows-ix86+x86_64 | 1.3-0 | 22.00 | 102.00 | 124.00 | OK |
Version: 1.3-0
Check: HTML version of manual
Result: NOTE
Found the following math rendering problems:
mmeta.Rd:61-64: Invalid delimiter type 'ordgroup' in ...log \left( \Big{|}\sum_{i=1}^m \b...
Flavors: r-devel-linux-x86_64-debian-clang, r-devel-linux-x86_64-debian-gcc, r-devel-linux-x86_64-fedora-clang, r-devel-linux-x86_64-fedora-gcc