Last updated on 2022-08-15 08:50:12 CEST.
Flavor | Version | Tinstall | Tcheck | Ttotal | Status | Flags |
---|---|---|---|---|---|---|
r-devel-linux-x86_64-debian-clang | 0.1.2 | 1.82 | 28.24 | 30.06 | OK | |
r-devel-linux-x86_64-debian-gcc | 0.1.2 | 1.76 | 21.98 | 23.74 | OK | |
r-devel-linux-x86_64-fedora-clang | 0.1.2 | 47.77 | OK | |||
r-devel-linux-x86_64-fedora-gcc | 0.1.2 | 46.43 | OK | |||
r-devel-windows-x86_64 | 0.1.2 | 10.00 | 53.00 | 63.00 | OK | |
r-patched-linux-x86_64 | 0.1.2 | 1.62 | 26.53 | 28.15 | OK | |
r-release-linux-x86_64 | 0.1.2 | 1.64 | 27.09 | 28.73 | OK | |
r-release-macos-arm64 | 0.1.2 | 14.00 | OK | |||
r-release-macos-x86_64 | 0.1.2 | 26.00 | NOTE | |||
r-release-windows-x86_64 | 0.1.2 | 22.00 | 50.00 | 72.00 | OK | |
r-oldrel-macos-arm64 | 0.1.2 | 18.00 | OK | |||
r-oldrel-macos-x86_64 | 0.1.2 | 27.00 | OK | |||
r-oldrel-windows-ix86+x86_64 | 0.1.2 | 6.00 | 47.00 | 53.00 | OK |
Version: 0.1.2
Check: package dependencies
Result: NOTE
Package suggested but not available for checking: ‘xlsx’
Flavor: r-release-macos-x86_64