Last updated on 2022-08-15 08:50:12 CEST.
Flavor | Version | Tinstall | Tcheck | Ttotal | Status | Flags |
---|---|---|---|---|---|---|
r-devel-linux-x86_64-debian-clang | 1.1.1 | 6.90 | 57.73 | 64.63 | NOTE | |
r-devel-linux-x86_64-debian-gcc | 1.1.1 | 4.28 | 43.44 | 47.72 | NOTE | |
r-devel-linux-x86_64-fedora-clang | 1.1.1 | 85.94 | NOTE | |||
r-devel-linux-x86_64-fedora-gcc | 1.1.1 | 83.81 | NOTE | |||
r-devel-windows-x86_64 | 1.1.1 | 12.00 | 81.00 | 93.00 | NOTE | |
r-patched-linux-x86_64 | 1.1.1 | 3.88 | 54.14 | 58.02 | NOTE | |
r-release-linux-x86_64 | 1.1.1 | 4.12 | 52.86 | 56.98 | NOTE | |
r-release-macos-arm64 | 1.1.1 | 21.00 | NOTE | |||
r-release-macos-x86_64 | 1.1.1 | 48.00 | NOTE | |||
r-release-windows-x86_64 | 1.1.1 | 9.00 | 84.00 | 93.00 | NOTE | |
r-oldrel-macos-arm64 | 1.1.1 | 27.00 | NOTE | |||
r-oldrel-macos-x86_64 | 1.1.1 | 35.00 | NOTE | |||
r-oldrel-windows-ix86+x86_64 | 1.1.1 | 16.00 | 77.00 | 93.00 | NOTE |
Version: 1.1.1
Check: LazyData
Result: NOTE
'LazyData' is specified without a 'data' directory
Flavors: r-devel-linux-x86_64-debian-clang, r-devel-linux-x86_64-debian-gcc, r-devel-linux-x86_64-fedora-clang, r-devel-linux-x86_64-fedora-gcc, r-devel-windows-x86_64, r-patched-linux-x86_64, r-release-linux-x86_64, r-release-macos-arm64, r-release-macos-x86_64, r-release-windows-x86_64, r-oldrel-macos-arm64, r-oldrel-macos-x86_64, r-oldrel-windows-ix86+x86_64
Version: 1.1.1
Check: dependencies in R code
Result: NOTE
Namespaces in Imports field not imported from:
‘qpdf’ ‘rlang’ ‘tibble’
All declared Imports should be used.
Flavors: r-devel-linux-x86_64-fedora-clang, r-devel-linux-x86_64-fedora-gcc, r-release-macos-arm64, r-release-macos-x86_64, r-oldrel-macos-arm64, r-oldrel-macos-x86_64