Last updated on 2022-08-15 08:50:12 CEST.
Flavor | Version | Tinstall | Tcheck | Ttotal | Status | Flags |
---|---|---|---|---|---|---|
r-devel-linux-x86_64-debian-clang | 0.1.11 | 6.74 | 62.63 | 69.37 | OK | |
r-devel-linux-x86_64-debian-gcc | 0.1.11 | 6.50 | 47.03 | 53.53 | OK | |
r-devel-linux-x86_64-fedora-clang | 0.1.11 | 93.77 | OK | |||
r-devel-linux-x86_64-fedora-gcc | 0.1.11 | 90.18 | OK | |||
r-devel-windows-x86_64 | 0.1.11 | 52.00 | 101.00 | 153.00 | OK | |
r-patched-linux-x86_64 | 0.1.11 | 6.79 | 58.33 | 65.12 | OK | |
r-release-linux-x86_64 | 0.1.11 | 5.84 | 58.07 | 63.91 | OK | |
r-release-macos-arm64 | 0.1.11 | 27.00 | NOTE | |||
r-release-macos-x86_64 | 0.1.11 | 43.00 | OK | |||
r-release-windows-x86_64 | 0.1.11 | 59.00 | 102.00 | 161.00 | OK | |
r-oldrel-macos-arm64 | 0.1.11 | 32.00 | NOTE | |||
r-oldrel-macos-x86_64 | 0.1.11 | 62.00 | NOTE | |||
r-oldrel-windows-ix86+x86_64 | 0.1.11 | 18.00 | 91.00 | 109.00 | OK |
Version: 0.1.11
Check: package dependencies
Result: NOTE
Packages suggested but not available for checking: 'ChemmineR', 'fmcsR'
Flavors: r-release-macos-arm64, r-oldrel-macos-arm64, r-oldrel-macos-x86_64