Last updated on 2022-08-15 08:50:12 CEST.
Flavor | Version | Tinstall | Tcheck | Ttotal | Status | Flags |
---|---|---|---|---|---|---|
r-devel-linux-x86_64-debian-clang | 1.0.0 | 2.12 | 23.78 | 25.90 | NOTE | |
r-devel-linux-x86_64-debian-gcc | 1.0.0 | 1.62 | 18.44 | 20.06 | NOTE | |
r-devel-linux-x86_64-fedora-clang | 1.0.0 | 42.02 | NOTE | |||
r-devel-linux-x86_64-fedora-gcc | 1.0.0 | 40.27 | NOTE | |||
r-devel-windows-x86_64 | 1.0.0 | 10.00 | 52.00 | 62.00 | NOTE | |
r-patched-linux-x86_64 | 1.0.0 | 2.01 | 22.22 | 24.23 | NOTE | |
r-release-linux-x86_64 | 1.0.0 | 1.73 | 22.82 | 24.55 | NOTE | |
r-release-macos-arm64 | 1.0.0 | 15.00 | NOTE | |||
r-release-macos-x86_64 | 1.0.0 | 21.00 | NOTE | |||
r-release-windows-x86_64 | 1.0.0 | 8.00 | 48.00 | 56.00 | NOTE | |
r-oldrel-macos-arm64 | 1.0.0 | 22.00 | NOTE | |||
r-oldrel-macos-x86_64 | 1.0.0 | 27.00 | NOTE | |||
r-oldrel-windows-ix86+x86_64 | 1.0.0 | 4.00 | 45.00 | 49.00 | NOTE |
Version: 1.0.0
Check: LazyData
Result: NOTE
'LazyData' is specified without a 'data' directory
Flavors: r-devel-linux-x86_64-debian-clang, r-devel-linux-x86_64-debian-gcc, r-devel-linux-x86_64-fedora-clang, r-devel-linux-x86_64-fedora-gcc, r-devel-windows-x86_64, r-patched-linux-x86_64, r-release-linux-x86_64, r-release-macos-arm64, r-release-macos-x86_64, r-release-windows-x86_64, r-oldrel-macos-arm64, r-oldrel-macos-x86_64, r-oldrel-windows-ix86+x86_64