Last updated on 2022-08-15 08:50:12 CEST.
Flavor | Version | Tinstall | Tcheck | Ttotal | Status | Flags |
---|---|---|---|---|---|---|
r-devel-linux-x86_64-debian-clang | 0.1.7 | 117.12 | 60.53 | 177.65 | OK | |
r-devel-linux-x86_64-debian-gcc | 0.1.7 | 98.38 | 50.76 | 149.14 | OK | |
r-devel-linux-x86_64-fedora-clang | 0.1.7 | 224.13 | OK | |||
r-devel-linux-x86_64-fedora-gcc | 0.1.7 | 255.51 | OK | |||
r-devel-windows-x86_64 | 0.1.7 | 94.00 | 121.00 | 215.00 | OK | |
r-patched-linux-x86_64 | 0.1.7 | 108.33 | 62.46 | 170.79 | OK | |
r-release-linux-x86_64 | 0.1.7 | 97.26 | 61.62 | 158.88 | OK | |
r-release-macos-arm64 | 0.1.7 | 67.00 | NOTE | |||
r-release-macos-x86_64 | 0.1.7 | 86.00 | NOTE | |||
r-release-windows-x86_64 | 0.1.7 | 83.00 | 120.00 | 203.00 | OK | |
r-oldrel-macos-arm64 | 0.1.7 | 77.00 | NOTE | |||
r-oldrel-macos-x86_64 | 0.1.7 | 131.00 | NOTE | |||
r-oldrel-windows-ix86+x86_64 | 0.1.7 | 236.00 | 153.00 | 389.00 | OK |
Version: 0.1.7
Check: installed package size
Result: NOTE
installed size is 25.7Mb
sub-directories of 1Mb or more:
libs 25.3Mb
Flavors: r-release-macos-arm64, r-release-macos-x86_64, r-oldrel-macos-arm64, r-oldrel-macos-x86_64