Last updated on 2022-08-15 08:50:12 CEST.
Flavor | Version | Tinstall | Tcheck | Ttotal | Status | Flags |
---|---|---|---|---|---|---|
r-devel-linux-x86_64-debian-clang | 0.13.2-0 | 67.12 | 18.76 | 85.88 | NOTE | |
r-devel-linux-x86_64-debian-gcc | 0.13.2-0 | 52.74 | 14.87 | 67.61 | NOTE | |
r-devel-linux-x86_64-fedora-clang | 0.13.2-0 | 148.44 | NOTE | |||
r-devel-linux-x86_64-fedora-gcc | 0.13.2-0 | 129.09 | NOTE | |||
r-devel-windows-x86_64 | 0.13.2-0 | 190.00 | 79.00 | 269.00 | NOTE | |
r-patched-linux-x86_64 | 0.13.2-0 | 53.68 | 18.07 | 71.75 | NOTE | |
r-release-linux-x86_64 | 0.13.2-0 | 52.15 | 18.27 | 70.42 | NOTE | |
r-release-macos-arm64 | 0.13.2-0 | 34.00 | NOTE | |||
r-release-macos-x86_64 | 0.13.2-0 | 48.00 | NOTE | |||
r-release-windows-x86_64 | 0.13.2-0 | 192.00 | 68.00 | 260.00 | NOTE | |
r-oldrel-macos-arm64 | 0.13.2-0 | 38.00 | NOTE | |||
r-oldrel-macos-x86_64 | 0.13.2-0 | 68.00 | NOTE | |||
r-oldrel-windows-ix86+x86_64 | 0.13.2-0 | 162.00 | 69.00 | 231.00 | NOTE |
Version: 0.13.2-0
Check: LazyData
Result: NOTE
'LazyData' is specified without a 'data' directory
Flavors: r-devel-linux-x86_64-debian-clang, r-devel-linux-x86_64-debian-gcc, r-devel-linux-x86_64-fedora-clang, r-devel-linux-x86_64-fedora-gcc, r-devel-windows-x86_64, r-patched-linux-x86_64, r-release-linux-x86_64, r-release-macos-arm64, r-release-macos-x86_64, r-release-windows-x86_64, r-oldrel-macos-arm64, r-oldrel-macos-x86_64, r-oldrel-windows-ix86+x86_64
Version: 0.13.2-0
Check: installed package size
Result: NOTE
installed size is 5.1Mb
sub-directories of 1Mb or more:
include 4.0Mb
libs 1.1Mb
Flavors: r-devel-windows-x86_64, r-release-macos-arm64, r-release-macos-x86_64, r-release-windows-x86_64, r-oldrel-macos-arm64, r-oldrel-macos-x86_64, r-oldrel-windows-ix86+x86_64