Last updated on 2022-08-15 08:50:12 CEST.
Flavor | Version | Tinstall | Tcheck | Ttotal | Status | Flags |
---|---|---|---|---|---|---|
r-devel-linux-x86_64-debian-clang | 0.1.1 | 2.17 | 34.75 | 36.92 | NOTE | |
r-devel-linux-x86_64-debian-gcc | 0.1.1 | 2.71 | 26.35 | 29.06 | NOTE | |
r-devel-linux-x86_64-fedora-clang | 0.1.1 | 55.84 | NOTE | |||
r-devel-linux-x86_64-fedora-gcc | 0.1.1 | 54.12 | NOTE | |||
r-devel-windows-x86_64 | 0.1.1 | 10.00 | 63.00 | 73.00 | NOTE | |
r-patched-linux-x86_64 | 0.1.1 | 2.88 | 32.33 | 35.21 | NOTE | |
r-release-linux-x86_64 | 0.1.1 | 3.13 | 33.38 | 36.51 | NOTE | |
r-release-macos-arm64 | 0.1.1 | 20.00 | NOTE | |||
r-release-macos-x86_64 | 0.1.1 | 27.00 | NOTE | |||
r-release-windows-x86_64 | 0.1.1 | 12.00 | 62.00 | 74.00 | NOTE | |
r-oldrel-macos-arm64 | 0.1.1 | 24.00 | NOTE | |||
r-oldrel-macos-x86_64 | 0.1.1 | 35.00 | NOTE | |||
r-oldrel-windows-ix86+x86_64 | 0.1.1 | 8.00 | 62.00 | 70.00 | NOTE |
Version: 0.1.1
Check: LazyData
Result: NOTE
'LazyData' is specified without a 'data' directory
Flavors: r-devel-linux-x86_64-debian-clang, r-devel-linux-x86_64-debian-gcc, r-devel-linux-x86_64-fedora-clang, r-devel-linux-x86_64-fedora-gcc, r-devel-windows-x86_64, r-patched-linux-x86_64, r-release-linux-x86_64, r-release-macos-arm64, r-release-macos-x86_64, r-release-windows-x86_64, r-oldrel-macos-arm64, r-oldrel-macos-x86_64, r-oldrel-windows-ix86+x86_64