Last updated on 2022-08-15 08:50:12 CEST.
Flavor | Version | Tinstall | Tcheck | Ttotal | Status | Flags |
---|---|---|---|---|---|---|
r-devel-linux-x86_64-debian-clang | 0.1.1 | 21.66 | 34.05 | 55.71 | OK | |
r-devel-linux-x86_64-debian-gcc | 0.1.1 | 19.83 | 26.14 | 45.97 | OK | |
r-devel-linux-x86_64-fedora-clang | 0.1.1 | 84.49 | NOTE | |||
r-devel-linux-x86_64-fedora-gcc | 0.1.1 | 80.01 | NOTE | |||
r-devel-windows-x86_64 | 0.1.1 | 24.00 | 84.00 | 108.00 | OK | |
r-patched-linux-x86_64 | 0.1.1 | 18.86 | 32.21 | 51.07 | OK | |
r-release-linux-x86_64 | 0.1.1 | 21.57 | 32.82 | 54.39 | OK | |
r-release-macos-arm64 | 0.1.1 | 28.00 | OK | |||
r-release-macos-x86_64 | 0.1.1 | 35.00 | OK | |||
r-release-windows-x86_64 | 0.1.1 | 27.00 | 86.00 | 113.00 | OK | |
r-oldrel-macos-arm64 | 0.1.1 | 31.00 | OK | |||
r-oldrel-macos-x86_64 | 0.1.1 | 48.00 | OK | |||
r-oldrel-windows-ix86+x86_64 | 0.1.1 | 55.00 | 80.00 | 135.00 | OK |
Version: 0.1.1
Check: compiled code
Result: NOTE
File ‘yakmoR/libs/yakmoR.so’:
Found no calls to: ‘R_registerRoutines’, ‘R_useDynamicSymbols’
It is good practice to register native routines and to disable symbol
search.
See ‘Writing portable packages’ in the ‘Writing R Extensions’ manual.
Flavors: r-devel-linux-x86_64-fedora-clang, r-devel-linux-x86_64-fedora-gcc