Last updated on 2022-08-15 08:50:12 CEST.
Flavor | Version | Tinstall | Tcheck | Ttotal | Status | Flags |
---|---|---|---|---|---|---|
r-devel-linux-x86_64-debian-clang | 1.0.0 | 2.99 | 38.79 | 41.78 | ERROR | |
r-devel-linux-x86_64-debian-gcc | 1.0.0 | 2.61 | 29.37 | 31.98 | ERROR | |
r-devel-linux-x86_64-fedora-clang | 1.0.0 | 60.21 | ERROR | |||
r-devel-linux-x86_64-fedora-gcc | 1.0.0 | 60.80 | ERROR | |||
r-devel-windows-x86_64 | 1.0.0 | 17.00 | 71.00 | 88.00 | ERROR | |
r-patched-linux-x86_64 | 1.0.0 | 1.93 | 37.35 | 39.28 | ERROR | |
r-release-linux-x86_64 | 1.0.0 | 2.18 | 36.51 | 38.69 | ERROR | |
r-release-macos-arm64 | 1.0.0 | 33.00 | OK | |||
r-release-macos-x86_64 | 1.0.0 | 44.00 | OK | |||
r-release-windows-x86_64 | 1.0.0 | 11.00 | 70.00 | 81.00 | ERROR | |
r-oldrel-macos-arm64 | 1.0.0 | 42.00 | OK | |||
r-oldrel-macos-x86_64 | 1.0.0 | 42.00 | OK | |||
r-oldrel-windows-ix86+x86_64 | 1.0.0 | 8.00 | 80.00 | 88.00 | OK |
Version: 1.0.0
Check: re-building of vignette outputs
Result: ERROR
Error(s) in re-building vignettes:
...
--- re-building 'diff-batchgetsymbols.Rmd' using rmarkdown
--- finished re-building 'diff-batchgetsymbols.Rmd'
--- re-building 'getting-started.Rmd' using rmarkdown
-- Running yfR for 1 stocks | 2022-07-13 --> 2022-08-12 (30 days) --
i Downloading data for benchmark ticker ^GSPC
i (1/1) Fetching data for FB
! - not cached
x - error in download..
i Binding price data
Quitting from lines 33-47 (getting-started.Rmd)
Error: processing vignette 'getting-started.Rmd' failed with diagnostics:
Resulting data has 0 rows.. Are your tickers correct? Search your ticker at <https://finance.yahoo.com/>.
--- failed re-building 'getting-started.Rmd'
--- re-building 'using-collections.Rmd' using rmarkdown
--- finished re-building 'using-collections.Rmd'
SUMMARY: processing the following file failed:
'getting-started.Rmd'
Error: Vignette re-building failed.
Execution halted
Flavor: r-devel-linux-x86_64-debian-clang
Version: 1.0.0
Check: re-building of vignette outputs
Result: ERROR
Error(s) in re-building vignettes:
...
--- re-building ‘diff-batchgetsymbols.Rmd’ using rmarkdown
--- finished re-building ‘diff-batchgetsymbols.Rmd’
--- re-building ‘getting-started.Rmd’ using rmarkdown
── Running yfR for 1 stocks | 2022-07-16 --> 2022-08-15 (30 days) ──
ℹ Downloading data for benchmark ticker ^GSPC
ℹ (1/1) Fetching data for FB
! - not cached
✖ - error in download..
ℹ Binding price data
Quitting from lines 33-47 (getting-started.Rmd)
Error: processing vignette ‘getting-started.Rmd’ failed with diagnostics:
Resulting data has 0 rows.. Are your tickers correct? Search your ticker at <https://finance.yahoo.com/>.
--- failed re-building ‘getting-started.Rmd’
--- re-building ‘using-collections.Rmd’ using rmarkdown
--- finished re-building ‘using-collections.Rmd’
SUMMARY: processing the following file failed:
‘getting-started.Rmd’
Error: Vignette re-building failed.
Execution halted
Flavors: r-devel-linux-x86_64-debian-gcc, r-release-linux-x86_64
Version: 1.0.0
Check: re-building of vignette outputs
Result: ERROR
Error(s) in re-building vignettes:
--- re-building ‘diff-batchgetsymbols.Rmd’ using rmarkdown
--- finished re-building ‘diff-batchgetsymbols.Rmd’
--- re-building ‘getting-started.Rmd’ using rmarkdown
── Running yfR for 1 stocks | 2022-07-15 --> 2022-08-14 (30 days) ──
ℹ Downloading data for benchmark ticker ^GSPC
ℹ (1/1) Fetching data for FB
! - not cached
✖ - error in download..
ℹ Binding price data
Quitting from lines 33-47 (getting-started.Rmd)
Error: processing vignette 'getting-started.Rmd' failed with diagnostics:
Resulting data has 0 rows.. Are your tickers correct? Search your ticker at <https://finance.yahoo.com/>.
--- failed re-building ‘getting-started.Rmd’
--- re-building ‘using-collections.Rmd’ using rmarkdown
--- finished re-building ‘using-collections.Rmd’
SUMMARY: processing the following file failed:
‘getting-started.Rmd’
Error: Vignette re-building failed.
Execution halted
Flavors: r-devel-linux-x86_64-fedora-clang, r-release-windows-x86_64
Version: 1.0.0
Check: re-building of vignette outputs
Result: ERROR
Error(s) in re-building vignettes:
--- re-building ‘diff-batchgetsymbols.Rmd’ using rmarkdown
--- finished re-building ‘diff-batchgetsymbols.Rmd’
--- re-building ‘getting-started.Rmd’ using rmarkdown
── Running yfR for 1 stocks | 2022-07-16 --> 2022-08-15 (30 days) ──
ℹ Downloading data for benchmark ticker ^GSPC
ℹ (1/1) Fetching data for FB
! - not cached
✖ - error in download..
ℹ Binding price data
Quitting from lines 33-47 (getting-started.Rmd)
Error: processing vignette 'getting-started.Rmd' failed with diagnostics:
Resulting data has 0 rows.. Are your tickers correct? Search your ticker at <https://finance.yahoo.com/>.
--- failed re-building ‘getting-started.Rmd’
--- re-building ‘using-collections.Rmd’ using rmarkdown
--- finished re-building ‘using-collections.Rmd’
SUMMARY: processing the following file failed:
‘getting-started.Rmd’
Error: Vignette re-building failed.
Execution halted
Flavor: r-devel-linux-x86_64-fedora-gcc
Version: 1.0.0
Check: re-building of vignette outputs
Result: ERROR
Error(s) in re-building vignettes:
--- re-building 'diff-batchgetsymbols.Rmd' using rmarkdown
--- finished re-building 'diff-batchgetsymbols.Rmd'
--- re-building 'getting-started.Rmd' using rmarkdown
── Running yfR for 1 stocks | 2022-07-14 --> 2022-08-13 (30 days) ──
ℹ Downloading data for benchmark ticker ^GSPC
ℹ (1/1) Fetching data for FB
! - not cached
✖ - error in download..
ℹ Binding price data
Quitting from lines 33-47 (getting-started.Rmd)
Error: processing vignette 'getting-started.Rmd' failed with diagnostics:
Resulting data has 0 rows.. Are your tickers correct? Search your ticker at <https://finance.yahoo.com/>.
--- failed re-building 'getting-started.Rmd'
--- re-building 'using-collections.Rmd' using rmarkdown
--- finished re-building 'using-collections.Rmd'
SUMMARY: processing the following file failed:
'getting-started.Rmd'
Error: Vignette re-building failed.
Execution halted
Flavor: r-devel-windows-x86_64
Version: 1.0.0
Check: re-building of vignette outputs
Result: ERROR
Error(s) in re-building vignettes:
...
--- re-building ‘diff-batchgetsymbols.Rmd’ using rmarkdown
--- finished re-building ‘diff-batchgetsymbols.Rmd’
--- re-building ‘getting-started.Rmd’ using rmarkdown
── Running yfR for 1 stocks | 2022-07-14 --> 2022-08-13 (30 days) ──
ℹ Downloading data for benchmark ticker ^GSPC
ℹ (1/1) Fetching data for FB
! - not cached
✖ - error in download..
ℹ Binding price data
Quitting from lines 33-47 (getting-started.Rmd)
Error: processing vignette ‘getting-started.Rmd’ failed with diagnostics:
Resulting data has 0 rows.. Are your tickers correct? Search your ticker at <https://finance.yahoo.com/>.
--- failed re-building ‘getting-started.Rmd’
--- re-building ‘using-collections.Rmd’ using rmarkdown
--- finished re-building ‘using-collections.Rmd’
SUMMARY: processing the following file failed:
‘getting-started.Rmd’
Error: Vignette re-building failed.
Execution halted
Flavor: r-patched-linux-x86_64