Last updated on 2022-08-15 08:50:12 CEST.
Flavor | Version | Tinstall | Tcheck | Ttotal | Status | Flags |
---|---|---|---|---|---|---|
r-devel-linux-x86_64-debian-clang | 2.0-3 | 3.89 | 48.31 | 52.20 | NOTE | |
r-devel-linux-x86_64-debian-gcc | 2.0-3 | 2.59 | 35.09 | 37.68 | NOTE | |
r-devel-linux-x86_64-fedora-clang | 2.0-3 | 70.67 | NOTE | |||
r-devel-linux-x86_64-fedora-gcc | 2.0-3 | 69.42 | NOTE | |||
r-devel-windows-x86_64 | 2.0-3 | 17.00 | 72.00 | 89.00 | NOTE | |
r-patched-linux-x86_64 | 2.0-3 | 3.26 | 45.00 | 48.26 | NOTE | |
r-release-linux-x86_64 | 2.0-3 | 2.61 | 45.26 | 47.87 | NOTE | |
r-release-macos-arm64 | 2.0-3 | 22.00 | NOTE | |||
r-release-macos-x86_64 | 2.0-3 | 29.00 | NOTE | |||
r-release-windows-x86_64 | 2.0-3 | 14.00 | 69.00 | 83.00 | NOTE | |
r-oldrel-macos-arm64 | 2.0-3 | 25.00 | NOTE | |||
r-oldrel-macos-x86_64 | 2.0-3 | 38.00 | NOTE | |||
r-oldrel-windows-ix86+x86_64 | 2.0-3 | 9.00 | 68.00 | 77.00 | NOTE |
Version: 2.0-3
Check: LazyData
Result: NOTE
'LazyData' is specified without a 'data' directory
Flavors: r-devel-linux-x86_64-debian-clang, r-devel-linux-x86_64-debian-gcc, r-devel-linux-x86_64-fedora-clang, r-devel-linux-x86_64-fedora-gcc, r-devel-windows-x86_64, r-patched-linux-x86_64, r-release-linux-x86_64, r-release-macos-arm64, r-release-macos-x86_64, r-release-windows-x86_64, r-oldrel-macos-arm64, r-oldrel-macos-x86_64, r-oldrel-windows-ix86+x86_64