Last updated on 2022-08-15 08:50:12 CEST.
Flavor | Version | Tinstall | Tcheck | Ttotal | Status | Flags |
---|---|---|---|---|---|---|
r-devel-linux-x86_64-debian-clang | 0.2.0 | 6.77 | 65.06 | 71.83 | NOTE | |
r-devel-linux-x86_64-debian-gcc | 0.2.0 | 4.72 | 49.04 | 53.76 | NOTE | |
r-devel-linux-x86_64-fedora-clang | 0.2.0 | 97.12 | NOTE | |||
r-devel-linux-x86_64-fedora-gcc | 0.2.0 | 102.08 | NOTE | |||
r-devel-windows-x86_64 | 0.2.0 | 49.00 | 96.00 | 145.00 | NOTE | |
r-patched-linux-x86_64 | 0.2.0 | 9.27 | 61.32 | 70.59 | NOTE | |
r-release-linux-x86_64 | 0.2.0 | 6.87 | 61.51 | 68.38 | NOTE | |
r-release-macos-arm64 | 0.2.0 | 26.00 | NOTE | |||
r-release-macos-x86_64 | 0.2.0 | 51.00 | NOTE | |||
r-release-windows-x86_64 | 0.2.0 | 41.00 | 93.00 | 134.00 | NOTE | |
r-oldrel-macos-arm64 | 0.2.0 | 33.00 | NOTE | |||
r-oldrel-macos-x86_64 | 0.2.0 | 50.00 | NOTE | |||
r-oldrel-windows-ix86+x86_64 | 0.2.0 | 16.00 | 87.00 | 103.00 | NOTE |
Version: 0.2.0
Check: LazyData
Result: NOTE
'LazyData' is specified without a 'data' directory
Flavors: r-devel-linux-x86_64-debian-clang, r-devel-linux-x86_64-debian-gcc, r-devel-linux-x86_64-fedora-clang, r-devel-linux-x86_64-fedora-gcc, r-devel-windows-x86_64, r-patched-linux-x86_64, r-release-linux-x86_64, r-release-macos-arm64, r-release-macos-x86_64, r-release-windows-x86_64, r-oldrel-macos-arm64, r-oldrel-macos-x86_64, r-oldrel-windows-ix86+x86_64
Version: 0.2.0
Check: HTML version of manual
Result: NOTE
Found the following HTML validation problems:
listGroupInput.html:113:161: Warning: inserting implicit <p>
listGroupInput.html:113:161: Warning: trimming empty <p>
navInput.html:114:92: Warning: inserting implicit <p>
navInput.html:114:92: Warning: trimming empty <p>
toast.html:117:57: Warning: inserting implicit <p>
toast.html:117:57: Warning: trimming empty <p>
Flavors: r-devel-linux-x86_64-debian-clang, r-devel-linux-x86_64-debian-gcc, r-devel-linux-x86_64-fedora-clang, r-devel-linux-x86_64-fedora-gcc