Last updated on 2022-08-15 08:50:12 CEST.
Flavor | Version | Tinstall | Tcheck | Ttotal | Status | Flags |
---|---|---|---|---|---|---|
r-devel-linux-x86_64-debian-clang | 1.1.0 | 33.71 | 84.15 | 117.86 | OK | |
r-devel-linux-x86_64-debian-gcc | 1.1.0 | 29.89 | 64.04 | 93.93 | OK | |
r-devel-linux-x86_64-fedora-clang | 1.1.0 | 165.45 | NOTE | |||
r-devel-linux-x86_64-fedora-gcc | 1.1.0 | 161.59 | NOTE | |||
r-devel-windows-x86_64 | 1.1.0 | 38.00 | 102.00 | 140.00 | OK | |
r-patched-linux-x86_64 | 1.1.0 | 32.99 | 81.79 | 114.78 | OK | |
r-release-linux-x86_64 | 1.1.0 | 36.96 | 83.50 | 120.46 | OK | |
r-release-macos-arm64 | 1.1.0 | 66.00 | NOTE | |||
r-release-macos-x86_64 | 1.1.0 | 106.00 | NOTE | |||
r-release-windows-x86_64 | 1.1.0 | 34.00 | 101.00 | 135.00 | OK | |
r-oldrel-macos-arm64 | 1.1.0 | 93.00 | NOTE | |||
r-oldrel-macos-x86_64 | 1.1.0 | 78.00 | NOTE | |||
r-oldrel-windows-ix86+x86_64 | 1.1.0 | 71.00 | 99.00 | 170.00 | OK |
Version: 1.1.0
Check: dependencies in R code
Result: NOTE
Namespace in Imports field not imported from: ‘spelling’
All declared Imports should be used.
Flavors: r-devel-linux-x86_64-fedora-clang, r-devel-linux-x86_64-fedora-gcc, r-release-macos-arm64, r-release-macos-x86_64, r-oldrel-macos-arm64, r-oldrel-macos-x86_64