Last updated on 2022-08-15 08:50:12 CEST.
Flavor | Version | Tinstall | Tcheck | Ttotal | Status | Flags |
---|---|---|---|---|---|---|
r-devel-linux-x86_64-debian-clang | 1.15.3 | 145.41 | 240.80 | 386.21 | WARN | |
r-devel-linux-x86_64-debian-gcc | 1.15.3 | 124.39 | 178.82 | 303.21 | OK | |
r-devel-linux-x86_64-fedora-clang | 1.15.3 | 484.99 | WARN | |||
r-devel-linux-x86_64-fedora-gcc | 1.15.3 | 438.76 | OK | |||
r-devel-windows-x86_64 | 1.15.3 | 219.00 | 255.00 | 474.00 | OK | |
r-patched-linux-x86_64 | 1.15.3 | 144.53 | 228.96 | 373.49 | OK | |
r-release-linux-x86_64 | 1.15.3 | 122.18 | 224.00 | 346.18 | OK | |
r-release-macos-arm64 | 1.15.3 | 121.00 | NOTE | |||
r-release-macos-x86_64 | 1.15.3 | 167.00 | NOTE | |||
r-release-windows-x86_64 | 1.15.3 | 192.00 | 320.00 | 512.00 | OK | |
r-oldrel-macos-arm64 | 1.15.3 | 118.00 | NOTE | |||
r-oldrel-macos-x86_64 | 1.15.3 | 158.00 | NOTE | |||
r-oldrel-windows-ix86+x86_64 | 1.15.3 | 308.00 | 401.00 | 709.00 | NOTE |
Version: 1.15.3
Check: whether package can be installed
Result: WARN
Found the following significant warnings:
ae.cpp:8:10: warning: use of bitwise '|' with boolean operands [-Wbitwise-instead-of-logical]
Flavors: r-devel-linux-x86_64-debian-clang, r-devel-linux-x86_64-fedora-clang
Version: 1.15.3
Check: installed package size
Result: NOTE
installed size is 7.7Mb
sub-directories of 1Mb or more:
R 2.0Mb
libs 4.6Mb
Flavors: r-release-macos-arm64, r-release-macos-x86_64, r-oldrel-macos-arm64, r-oldrel-macos-x86_64, r-oldrel-windows-ix86+x86_64