Last updated on 2022-08-15 08:50:12 CEST.
Flavor | Version | Tinstall | Tcheck | Ttotal | Status | Flags |
---|---|---|---|---|---|---|
r-devel-linux-x86_64-debian-clang | 0.1.0 | 1.55 | 29.51 | 31.06 | OK | |
r-devel-linux-x86_64-debian-gcc | 0.1.0 | 1.70 | 22.26 | 23.96 | OK | |
r-devel-linux-x86_64-fedora-clang | 0.1.0 | 48.79 | NOTE | |||
r-devel-linux-x86_64-fedora-gcc | 0.1.0 | 47.27 | NOTE | |||
r-devel-windows-x86_64 | 0.1.0 | 20.00 | 53.00 | 73.00 | OK | |
r-patched-linux-x86_64 | 0.1.0 | 2.34 | 27.98 | 30.32 | OK | |
r-release-linux-x86_64 | 0.1.0 | 2.10 | 27.86 | 29.96 | OK | |
r-release-macos-arm64 | 0.1.0 | 17.00 | NOTE | |||
r-release-macos-x86_64 | 0.1.0 | 21.00 | NOTE | |||
r-release-windows-x86_64 | 0.1.0 | 13.00 | 50.00 | 63.00 | OK | |
r-oldrel-macos-arm64 | 0.1.0 | 19.00 | NOTE | |||
r-oldrel-macos-x86_64 | 0.1.0 | 25.00 | NOTE | |||
r-oldrel-windows-ix86+x86_64 | 0.1.0 | 5.00 | 49.00 | 54.00 | OK |
Version: 0.1.0
Check: dependencies in R code
Result: NOTE
Namespace in Imports field not imported from: ‘MASS’
All declared Imports should be used.
Flavors: r-devel-linux-x86_64-fedora-clang, r-devel-linux-x86_64-fedora-gcc, r-release-macos-arm64, r-release-macos-x86_64, r-oldrel-macos-arm64, r-oldrel-macos-x86_64