Last updated on 2022-08-15 08:50:12 CEST.
Flavor | Version | Tinstall | Tcheck | Ttotal | Status | Flags |
---|---|---|---|---|---|---|
r-devel-linux-x86_64-debian-clang | 0.1.0 | 16.57 | 53.93 | 70.50 | OK | |
r-devel-linux-x86_64-debian-gcc | 0.1.0 | 14.97 | 40.70 | 55.67 | OK | |
r-devel-linux-x86_64-fedora-clang | 0.1.0 | 98.35 | NOTE | |||
r-devel-linux-x86_64-fedora-gcc | 0.1.0 | 98.51 | NOTE | |||
r-devel-windows-x86_64 | 0.1.0 | 25.00 | 77.00 | 102.00 | OK | |
r-patched-linux-x86_64 | 0.1.0 | 16.72 | 50.93 | 67.65 | OK | |
r-release-linux-x86_64 | 0.1.0 | 14.43 | 50.86 | 65.29 | OK | |
r-release-macos-arm64 | 0.1.0 | 35.00 | NOTE | |||
r-release-macos-x86_64 | 0.1.0 | 41.00 | NOTE | |||
r-release-windows-x86_64 | 0.1.0 | 31.00 | 75.00 | 106.00 | OK | |
r-oldrel-macos-arm64 | 0.1.0 | 33.00 | NOTE | |||
r-oldrel-macos-x86_64 | 0.1.0 | 45.00 | NOTE | |||
r-oldrel-windows-ix86+x86_64 | 0.1.0 | 29.00 | 72.00 | 101.00 | OK |
Version: 0.1.0
Check: dependencies in R code
Result: NOTE
Namespace in Imports field not imported from: ‘tidyverse’
All declared Imports should be used.
Flavors: r-devel-linux-x86_64-fedora-clang, r-devel-linux-x86_64-fedora-gcc, r-release-macos-arm64, r-release-macos-x86_64, r-oldrel-macos-arm64, r-oldrel-macos-x86_64