Last updated on 2022-08-15 08:50:12 CEST.
Flavor | Version | Tinstall | Tcheck | Ttotal | Status | Flags |
---|---|---|---|---|---|---|
r-devel-linux-x86_64-debian-clang | 0.6.0 | 36.93 | 216.03 | 252.96 | NOTE | |
r-devel-linux-x86_64-debian-gcc | 0.6.0 | 29.29 | 170.23 | 199.52 | NOTE | |
r-devel-linux-x86_64-fedora-clang | 0.6.0 | 299.17 | NOTE | |||
r-devel-linux-x86_64-fedora-gcc | 0.6.0 | 307.10 | NOTE | |||
r-devel-windows-x86_64 | 0.6.0 | 153.00 | 212.00 | 365.00 | NOTE | |
r-patched-linux-x86_64 | 0.6.0 | 37.91 | 200.30 | 238.21 | NOTE | |
r-release-linux-x86_64 | 0.6.0 | 34.14 | 198.27 | 232.41 | NOTE | |
r-release-macos-arm64 | 0.6.0 | 90.00 | NOTE | |||
r-release-macos-x86_64 | 0.6.0 | 178.00 | NOTE | |||
r-release-windows-x86_64 | 0.6.0 | 115.00 | 329.00 | 444.00 | NOTE | |
r-oldrel-macos-arm64 | 0.6.0 | 62.00 | NOTE | |||
r-oldrel-macos-x86_64 | 0.6.0 | 106.00 | NOTE | |||
r-oldrel-windows-ix86+x86_64 | 0.6.0 | 88.00 | 323.00 | 411.00 | NOTE |
Version: 0.6.0
Check: package dependencies
Result: NOTE
Package suggested but not available for checking: 'zdat'
Flavors: r-devel-linux-x86_64-debian-clang, r-devel-linux-x86_64-debian-gcc, r-devel-linux-x86_64-fedora-clang, r-devel-linux-x86_64-fedora-gcc, r-devel-windows-x86_64, r-patched-linux-x86_64, r-release-linux-x86_64, r-release-macos-arm64, r-release-macos-x86_64, r-release-windows-x86_64, r-oldrel-macos-arm64, r-oldrel-macos-x86_64, r-oldrel-windows-ix86+x86_64
Version: 0.6.0
Check: package subdirectories
Result: NOTE
Problems with news in 'NEWS.md':
Cannot extract version info from the following section titles:
NEW DEPENDENCIES
Flavors: r-devel-linux-x86_64-debian-clang, r-devel-linux-x86_64-debian-gcc, r-devel-linux-x86_64-fedora-clang, r-devel-linux-x86_64-fedora-gcc, r-devel-windows-x86_64