Last updated on 2022-08-15 08:50:12 CEST.
Flavor | Version | Tinstall | Tcheck | Ttotal | Status | Flags |
---|---|---|---|---|---|---|
r-devel-linux-x86_64-debian-clang | 1.0.1 | 2.29 | 76.63 | 78.92 | NOTE | |
r-devel-linux-x86_64-debian-gcc | 1.0.1 | 2.78 | 65.29 | 68.07 | NOTE | |
r-devel-linux-x86_64-fedora-clang | 1.0.1 | 105.94 | NOTE | |||
r-devel-linux-x86_64-fedora-gcc | 1.0.1 | 119.45 | NOTE | |||
r-devel-windows-x86_64 | 1.0.1 | 42.00 | 94.00 | 136.00 | OK | |
r-patched-linux-x86_64 | 1.0.1 | 4.06 | 71.56 | 75.62 | OK | |
r-release-linux-x86_64 | 1.0.1 | 3.24 | 69.77 | 73.01 | OK | |
r-release-macos-arm64 | 1.0.1 | 39.00 | OK | |||
r-release-macos-x86_64 | 1.0.1 | 53.00 | OK | |||
r-release-windows-x86_64 | 1.0.1 | 36.00 | 122.00 | 158.00 | OK | |
r-oldrel-macos-arm64 | 1.0.1 | 41.00 | OK | |||
r-oldrel-macos-x86_64 | 1.0.1 | 50.00 | OK | |||
r-oldrel-windows-ix86+x86_64 | 1.0.1 | 8.00 | 106.00 | 114.00 | OK |
Version: 1.0.1
Check: HTML version of manual
Result: NOTE
Found the following HTML validation problems:
referencesDatabase.html:234:42: Warning: inserting implicit <p>
referencesDatabase.html:283:27: Warning: inserting implicit <p>
referencesDatabase.html:321:65: Warning: inserting implicit <p>
referencesDatabase.html:234:42: Warning: trimming empty <p>
referencesDatabase.html:283:27: Warning: trimming empty <p>
referencesDatabase.html:321:65: Warning: trimming empty <p>
Flavors: r-devel-linux-x86_64-debian-clang, r-devel-linux-x86_64-debian-gcc, r-devel-linux-x86_64-fedora-clang, r-devel-linux-x86_64-fedora-gcc