Last updated on 2022-08-15 08:49:56 CEST.
Flavor | Version | Tinstall | Tcheck | Ttotal | Status | Flags |
---|---|---|---|---|---|---|
r-devel-linux-x86_64-debian-clang | 0.1.0 | 1.95 | 20.87 | 22.82 | NOTE | |
r-devel-linux-x86_64-debian-gcc | 0.1.0 | 1.63 | 16.62 | 18.25 | NOTE | |
r-devel-linux-x86_64-fedora-clang | 0.1.0 | 39.13 | NOTE | |||
r-devel-linux-x86_64-fedora-gcc | 0.1.0 | 38.65 | NOTE | |||
r-devel-windows-x86_64 | 0.1.0 | 6.00 | 42.00 | 48.00 | NOTE | |
r-patched-linux-x86_64 | 0.1.0 | 2.11 | 20.57 | 22.68 | NOTE | |
r-release-linux-x86_64 | 0.1.0 | 1.75 | 20.78 | 22.53 | NOTE | |
r-release-macos-arm64 | 0.1.0 | 13.00 | NOTE | |||
r-release-macos-x86_64 | 0.1.0 | 22.00 | NOTE | |||
r-release-windows-x86_64 | 0.1.0 | 5.00 | 43.00 | 48.00 | NOTE | |
r-oldrel-macos-arm64 | 0.1.0 | 17.00 | NOTE | |||
r-oldrel-macos-x86_64 | 0.1.0 | 26.00 | NOTE | |||
r-oldrel-windows-ix86+x86_64 | 0.1.0 | 4.00 | 33.00 | 37.00 | NOTE |
Version: 0.1.0
Check: LazyData
Result: NOTE
'LazyData' is specified without a 'data' directory
Flavors: r-devel-linux-x86_64-debian-clang, r-devel-linux-x86_64-debian-gcc, r-devel-linux-x86_64-fedora-clang, r-devel-linux-x86_64-fedora-gcc, r-devel-windows-x86_64, r-patched-linux-x86_64, r-release-linux-x86_64, r-release-macos-arm64, r-release-macos-x86_64, r-release-windows-x86_64, r-oldrel-macos-arm64, r-oldrel-macos-x86_64, r-oldrel-windows-ix86+x86_64