Last updated on 2022-08-15 08:49:54 CEST.
Flavor | Version | Tinstall | Tcheck | Ttotal | Status | Flags |
---|---|---|---|---|---|---|
r-devel-linux-x86_64-debian-clang | 0.1.1 | 2.78 | 22.04 | 24.82 | OK | |
r-devel-linux-x86_64-debian-gcc | 0.1.1 | 2.29 | 16.95 | 19.24 | OK | |
r-devel-linux-x86_64-fedora-clang | 0.1.1 | 40.90 | NOTE | |||
r-devel-linux-x86_64-fedora-gcc | 0.1.1 | 40.31 | NOTE | |||
r-devel-windows-x86_64 | 0.1.1 | 13.00 | 53.00 | 66.00 | OK | |
r-patched-linux-x86_64 | 0.1.1 | 2.32 | 20.66 | 22.98 | OK | |
r-release-linux-x86_64 | 0.1.1 | 2.58 | 20.89 | 23.47 | OK | |
r-release-macos-arm64 | 0.1.1 | 17.00 | OK | |||
r-release-macos-x86_64 | 0.1.1 | 22.00 | OK | |||
r-release-windows-x86_64 | 0.1.1 | 7.00 | 49.00 | 56.00 | OK | |
r-oldrel-macos-arm64 | 0.1.1 | 20.00 | OK | |||
r-oldrel-macos-x86_64 | 0.1.1 | 29.00 | OK | |||
r-oldrel-windows-ix86+x86_64 | 0.1.1 | 9.00 | 30.00 | 39.00 | OK |
Version: 0.1.1
Check: compiled code
Result: NOTE
File ‘dkDNA/libs/dkDNA.so’:
Found no calls to: ‘R_registerRoutines’, ‘R_useDynamicSymbols’
It is good practice to register native routines and to disable symbol
search.
See ‘Writing portable packages’ in the ‘Writing R Extensions’ manual.
Flavors: r-devel-linux-x86_64-fedora-clang, r-devel-linux-x86_64-fedora-gcc