Last updated on 2022-08-15 08:49:57 CEST.
Flavor | Version | Tinstall | Tcheck | Ttotal | Status | Flags |
---|---|---|---|---|---|---|
r-devel-linux-x86_64-debian-clang | 1.2.0 | 2.37 | 23.26 | 25.63 | NOTE | |
r-devel-linux-x86_64-debian-gcc | 1.2.0 | 1.90 | 18.13 | 20.03 | NOTE | |
r-devel-linux-x86_64-fedora-clang | 1.2.0 | 42.49 | NOTE | |||
r-devel-linux-x86_64-fedora-gcc | 1.2.0 | 39.50 | NOTE | |||
r-devel-windows-x86_64 | 1.2.0 | 42.00 | 45.00 | 87.00 | NOTE | |
r-patched-linux-x86_64 | 1.2.0 | 2.34 | 22.46 | 24.80 | NOTE | |
r-release-linux-x86_64 | 1.2.0 | 2.18 | 22.31 | 24.49 | NOTE | |
r-release-macos-arm64 | 1.2.0 | 14.00 | NOTE | |||
r-release-macos-x86_64 | 1.2.0 | 19.00 | NOTE | |||
r-release-windows-x86_64 | 1.2.0 | 7.00 | 43.00 | 50.00 | NOTE | |
r-oldrel-macos-arm64 | 1.2.0 | 17.00 | NOTE | |||
r-oldrel-macos-x86_64 | 1.2.0 | 27.00 | NOTE | |||
r-oldrel-windows-ix86+x86_64 | 1.2.0 | 5.00 | 24.00 | 29.00 | NOTE |
Version: 1.2.0
Check: DESCRIPTION meta-information
Result: NOTE
Malformed Description field: should contain one or more complete sentences.
Flavors: r-devel-linux-x86_64-debian-clang, r-devel-linux-x86_64-debian-gcc, r-devel-linux-x86_64-fedora-clang, r-devel-linux-x86_64-fedora-gcc, r-devel-windows-x86_64, r-patched-linux-x86_64, r-release-linux-x86_64, r-release-macos-arm64, r-release-macos-x86_64, r-release-windows-x86_64, r-oldrel-macos-arm64, r-oldrel-macos-x86_64, r-oldrel-windows-ix86+x86_64