Last updated on 2022-08-15 08:50:02 CEST.
Flavor | Version | Tinstall | Tcheck | Ttotal | Status | Flags |
---|---|---|---|---|---|---|
r-devel-linux-x86_64-debian-clang | 0.3.0 | 2.65 | 21.50 | 24.15 | OK | |
r-devel-linux-x86_64-debian-gcc | 0.3.0 | 2.32 | 17.34 | 19.66 | OK | |
r-devel-linux-x86_64-fedora-clang | 0.3.0 | 40.57 | NOTE | |||
r-devel-linux-x86_64-fedora-gcc | 0.3.0 | 39.91 | NOTE | |||
r-devel-windows-x86_64 | 0.3.0 | 22.00 | 42.00 | 64.00 | OK | |
r-patched-linux-x86_64 | 0.3.0 | 3.15 | 21.17 | 24.32 | OK | |
r-release-linux-x86_64 | 0.3.0 | 2.17 | 20.98 | 23.15 | OK | |
r-release-macos-arm64 | 0.3.0 | 13.00 | NOTE | |||
r-release-macos-x86_64 | 0.3.0 | 22.00 | NOTE | |||
r-release-windows-x86_64 | 0.3.0 | 7.00 | 42.00 | 49.00 | OK | |
r-oldrel-macos-arm64 | 0.3.0 | 21.00 | NOTE | |||
r-oldrel-macos-x86_64 | 0.3.0 | 26.00 | NOTE | |||
r-oldrel-windows-ix86+x86_64 | 0.3.0 | 7.00 | 27.00 | 34.00 | OK |
Version: 0.3.0
Check: data for non-ASCII characters
Result: NOTE
Note: found 7284 marked UTF-8 strings
Flavors: r-devel-linux-x86_64-fedora-clang, r-devel-linux-x86_64-fedora-gcc, r-release-macos-arm64, r-release-macos-x86_64, r-oldrel-macos-arm64, r-oldrel-macos-x86_64