Last updated on 2022-08-15 08:50:12 CEST.
Flavor | Version | Tinstall | Tcheck | Ttotal | Status | Flags |
---|---|---|---|---|---|---|
r-devel-linux-x86_64-debian-clang | 1.0-1 | 2.05 | 21.52 | 23.57 | NOTE | |
r-devel-linux-x86_64-debian-gcc | 1.0-1 | 1.48 | 17.29 | 18.77 | NOTE | |
r-devel-linux-x86_64-fedora-clang | 1.0-1 | 40.04 | NOTE | |||
r-devel-linux-x86_64-fedora-gcc | 1.0-1 | 39.67 | NOTE | |||
r-devel-windows-x86_64 | 1.0-1 | 11.00 | 54.00 | 65.00 | NOTE | |
r-patched-linux-x86_64 | 1.0-1 | 1.76 | 21.04 | 22.80 | NOTE | |
r-release-linux-x86_64 | 1.0-1 | 1.58 | 21.55 | 23.13 | NOTE | |
r-release-macos-arm64 | 1.0-1 | 15.00 | NOTE | |||
r-release-macos-x86_64 | 1.0-1 | 22.00 | NOTE | |||
r-release-windows-x86_64 | 1.0-1 | 6.00 | 49.00 | 55.00 | NOTE | |
r-oldrel-macos-arm64 | 1.0-1 | 18.00 | NOTE | |||
r-oldrel-macos-x86_64 | 1.0-1 | 23.00 | NOTE | |||
r-oldrel-windows-ix86+x86_64 | 1.0-1 | 5.00 | 29.00 | 34.00 | NOTE |
Version: 1.0-1
Check: DESCRIPTION meta-information
Result: NOTE
Malformed Description field: should contain one or more complete sentences.
Flavors: r-devel-linux-x86_64-debian-clang, r-devel-linux-x86_64-debian-gcc, r-devel-linux-x86_64-fedora-clang, r-devel-linux-x86_64-fedora-gcc, r-devel-windows-x86_64, r-patched-linux-x86_64, r-release-linux-x86_64, r-release-macos-arm64, r-release-macos-x86_64, r-release-windows-x86_64, r-oldrel-macos-arm64, r-oldrel-macos-x86_64, r-oldrel-windows-ix86+x86_64
Version: 1.0-1
Check: Rd cross-references
Result: NOTE
Undeclared packages ‘wpp2010’, ‘wpp2012’ in Rd xrefs
Flavor: r-devel-linux-x86_64-fedora-clang