Last updated on 2022-08-15 08:49:54 CEST.
Flavor | Version | Tinstall | Tcheck | Ttotal | Status | Flags |
---|---|---|---|---|---|---|
r-devel-linux-x86_64-debian-clang | 1.4.1 | 5.90 | 52.88 | 58.78 | NOTE | |
r-devel-linux-x86_64-debian-gcc | 1.4.1 | 4.52 | 41.29 | 45.81 | NOTE | |
r-devel-linux-x86_64-fedora-clang | 1.4.1 | 82.81 | NOTE | |||
r-devel-linux-x86_64-fedora-gcc | 1.4.1 | 113.15 | NOTE | |||
r-devel-windows-x86_64 | 1.4.1 | 158.00 | 90.00 | 248.00 | NOTE | |
r-patched-linux-x86_64 | 1.4.1 | 11.17 | 51.01 | 62.18 | NOTE | |
r-release-linux-x86_64 | 1.4.1 | 5.78 | 51.60 | 57.38 | NOTE | |
r-release-macos-arm64 | 1.4.1 | 38.00 | NOTE | |||
r-release-macos-x86_64 | 1.4.1 | 76.00 | NOTE | |||
r-release-windows-x86_64 | 1.4.1 | 161.00 | 89.00 | 250.00 | NOTE | |
r-oldrel-macos-arm64 | 1.4.1 | 29.00 | NOTE | |||
r-oldrel-macos-x86_64 | 1.4.1 | 51.00 | NOTE | |||
r-oldrel-windows-ix86+x86_64 | 1.4.1 | 15.00 | 79.00 | 94.00 | NOTE |
Version: 1.4.1
Check: package dependencies
Result: NOTE
Package suggested but not available for checking: 'dsBaseClient'
Flavors: r-devel-linux-x86_64-debian-clang, r-devel-linux-x86_64-debian-gcc, r-devel-linux-x86_64-fedora-clang, r-devel-linux-x86_64-fedora-gcc, r-devel-windows-x86_64, r-patched-linux-x86_64, r-release-linux-x86_64, r-release-macos-arm64, r-release-macos-x86_64, r-release-windows-x86_64, r-oldrel-macos-arm64, r-oldrel-macos-x86_64, r-oldrel-windows-ix86+x86_64