Last updated on 2022-08-15 08:50:05 CEST.
Flavor | Version | Tinstall | Tcheck | Ttotal | Status | Flags |
---|---|---|---|---|---|---|
r-devel-linux-x86_64-debian-clang | 5.1.5 | 53.60 | 78.38 | 131.98 | NOTE | |
r-devel-linux-x86_64-debian-gcc | 5.1.5 | 39.70 | 57.86 | 97.56 | NOTE | |
r-devel-linux-x86_64-fedora-clang | 5.1.5 | 194.61 | NOTE | |||
r-devel-linux-x86_64-fedora-gcc | 5.1.5 | 167.38 | NOTE | |||
r-devel-windows-x86_64 | 5.1.5 | 631.00 | 127.00 | 758.00 | NOTE | |
r-patched-linux-x86_64 | 5.1.5 | 44.84 | 71.19 | 116.03 | NOTE | |
r-release-linux-x86_64 | 5.1.5 | 46.38 | 70.40 | 116.78 | NOTE | |
r-release-macos-arm64 | 5.1.5 | 49.00 | NOTE | |||
r-release-macos-x86_64 | 5.1.5 | 75.00 | NOTE | |||
r-release-windows-x86_64 | 5.1.5 | 785.00 | 129.00 | 914.00 | NOTE | |
r-oldrel-macos-arm64 | 5.1.5 | 57.00 | NOTE | |||
r-oldrel-macos-x86_64 | 5.1.5 | 114.00 | NOTE | |||
r-oldrel-windows-ix86+x86_64 | 5.1.5 | 307.00 | 180.00 | 487.00 | NOTE |
Version: 5.1.5
Check: for GNU extensions in Makefiles
Result: NOTE
GNU make is a SystemRequirements.
Flavors: r-devel-linux-x86_64-debian-clang, r-devel-linux-x86_64-debian-gcc, r-devel-linux-x86_64-fedora-clang, r-devel-linux-x86_64-fedora-gcc, r-devel-windows-x86_64, r-patched-linux-x86_64, r-release-linux-x86_64, r-release-macos-arm64, r-release-macos-x86_64, r-release-windows-x86_64, r-oldrel-macos-arm64, r-oldrel-macos-x86_64, r-oldrel-windows-ix86+x86_64
Version: 5.1.5
Check: installed package size
Result: NOTE
installed size is 7.1Mb
sub-directories of 1Mb or more:
include 2.1Mb
lib 4.6Mb
Flavor: r-oldrel-windows-ix86+x86_64