Last updated on 2022-08-15 08:50:09 CEST.
Flavor | Version | Tinstall | Tcheck | Ttotal | Status | Flags |
---|---|---|---|---|---|---|
r-devel-linux-x86_64-debian-clang | 0.0.9 | 21.96 | 41.86 | 63.82 | OK | |
r-devel-linux-x86_64-debian-gcc | 0.0.9 | 15.44 | 32.59 | 48.03 | OK | |
r-devel-linux-x86_64-fedora-clang | 0.0.9 | 97.15 | OK | |||
r-devel-linux-x86_64-fedora-gcc | 0.0.9 | 84.51 | OK | |||
r-devel-windows-x86_64 | 0.0.9 | 100.00 | 87.00 | 187.00 | OK | |
r-patched-linux-x86_64 | 0.0.9 | 19.55 | 40.91 | 60.46 | OK | |
r-release-linux-x86_64 | 0.0.9 | 14.76 | 40.09 | 54.85 | OK | |
r-release-macos-arm64 | 0.0.9 | 28.00 | NOTE | |||
r-release-macos-x86_64 | 0.0.9 | 38.00 | OK | |||
r-release-windows-x86_64 | 0.0.9 | 140.00 | 91.00 | 231.00 | OK | |
r-oldrel-macos-arm64 | 0.0.9 | 28.00 | OK | |||
r-oldrel-macos-x86_64 | 0.0.9 | 48.00 | OK | |||
r-oldrel-windows-ix86+x86_64 | 0.0.9 | 52.00 | 95.00 | 147.00 | OK |
Version: 0.0.9
Check: package dependencies
Result: NOTE
Package suggested but not available for checking: ‘SMITIDstruct’
Flavor: r-release-macos-arm64