Last updated on 2022-08-15 08:49:52 CEST.
Flavor | Version | Tinstall | Tcheck | Ttotal | Status | Flags |
---|---|---|---|---|---|---|
r-devel-linux-x86_64-debian-clang | 1.6.0 | 9.35 | 77.25 | 86.60 | OK | |
r-devel-linux-x86_64-debian-gcc | 1.6.0 | 9.42 | 59.08 | 68.50 | OK | |
r-devel-linux-x86_64-fedora-clang | 1.6.0 | 122.40 | OK | |||
r-devel-linux-x86_64-fedora-gcc | 1.6.0 | 117.84 | OK | |||
r-devel-windows-x86_64 | 1.6.0 | 19.00 | 105.00 | 124.00 | OK | |
r-patched-linux-x86_64 | 1.6.0 | 18.57 | 75.05 | 93.62 | OK | |
r-release-linux-x86_64 | 1.6.0 | 11.48 | 75.47 | 86.95 | OK | |
r-release-macos-arm64 | 1.6.0 | 36.00 | OK | |||
r-release-macos-x86_64 | 1.6.0 | 48.00 | OK | |||
r-release-windows-x86_64 | 1.6.0 | 29.00 | 102.00 | 131.00 | OK | |
r-oldrel-macos-arm64 | 1.6.0 | 42.00 | NOTE | |||
r-oldrel-macos-x86_64 | 1.6.0 | 71.00 | NOTE | |||
r-oldrel-windows-ix86+x86_64 | 1.6.0 | 25.00 | 83.00 | 108.00 | OK |
Version: 1.6.0
Check: package dependencies
Result: NOTE
Package suggested but not available for checking: ‘GLAD’
Flavors: r-oldrel-macos-arm64, r-oldrel-macos-x86_64