Last updated on 2022-08-15 08:49:54 CEST.
Flavor | Version | Tinstall | Tcheck | Ttotal | Status | Flags |
---|---|---|---|---|---|---|
r-devel-linux-x86_64-debian-clang | 0.3.0 | 3.34 | 414.75 | 418.09 | NOTE | |
r-devel-linux-x86_64-debian-gcc | 0.3.0 | 2.93 | 288.54 | 291.47 | NOTE | |
r-devel-linux-x86_64-fedora-clang | 0.3.0 | 470.24 | NOTE | |||
r-devel-linux-x86_64-fedora-gcc | 0.3.0 | 494.54 | NOTE | |||
r-devel-windows-x86_64 | 0.3.0 | 25.00 | 416.00 | 441.00 | NOTE | |
r-patched-linux-x86_64 | 0.3.0 | 3.85 | 390.70 | 394.55 | OK | |
r-release-linux-x86_64 | 0.3.0 | 3.33 | 382.59 | 385.92 | OK | |
r-release-macos-arm64 | 0.3.0 | 110.00 | OK | |||
r-release-macos-x86_64 | 0.3.0 | 157.00 | OK | |||
r-release-windows-x86_64 | 0.3.0 | 25.00 | 418.00 | 443.00 | OK | |
r-oldrel-macos-arm64 | 0.3.0 | 133.00 | OK | |||
r-oldrel-macos-x86_64 | 0.3.0 | 249.00 | OK | |||
r-oldrel-windows-ix86+x86_64 | 0.3.0 | 9.00 | 474.00 | 483.00 | OK |
Version: 0.3.0
Check: package subdirectories
Result: NOTE
Problems with news in 'NEWS.md':
No news entries found.
Flavors: r-devel-linux-x86_64-debian-clang, r-devel-linux-x86_64-debian-gcc, r-devel-linux-x86_64-fedora-clang, r-devel-linux-x86_64-fedora-gcc, r-devel-windows-x86_64