Last updated on 2022-08-15 08:50:01 CEST.
Flavor | Version | Tinstall | Tcheck | Ttotal | Status | Flags |
---|---|---|---|---|---|---|
r-devel-linux-x86_64-debian-clang | 0.4.1 | 34.16 | 572.65 | 606.81 | OK | |
r-devel-linux-x86_64-debian-gcc | 0.4.1 | 28.08 | 404.09 | 432.17 | OK | |
r-devel-linux-x86_64-fedora-clang | 0.4.1 | 724.48 | NOTE | |||
r-devel-linux-x86_64-fedora-gcc | 0.4.1 | 724.63 | OK | |||
r-devel-windows-x86_64 | 0.4.1 | 345.00 | 450.00 | 795.00 | OK | |
r-patched-linux-x86_64 | 0.4.1 | 45.30 | 507.83 | 553.13 | OK | |
r-release-linux-x86_64 | 0.4.1 | 32.10 | 511.36 | 543.46 | OK | |
r-release-macos-arm64 | 0.4.1 | 156.00 | OK | |||
r-release-macos-x86_64 | 0.4.1 | 173.00 | OK | |||
r-release-windows-x86_64 | 0.4.1 | 465.00 | 454.00 | 919.00 | OK | |
r-oldrel-macos-arm64 | 0.4.1 | 149.00 | OK | |||
r-oldrel-macos-x86_64 | 0.4.1 | 162.00 | OK | |||
r-oldrel-windows-ix86+x86_64 | 0.4.1 | 54.00 | 459.00 | 513.00 | OK |
Version: 0.4.1
Check: Rd cross-references
Result: NOTE
Undeclared package ‘htmlwidgets’ in Rd xrefs
Flavor: r-devel-linux-x86_64-fedora-clang