Last updated on 2022-08-15 08:50:07 CEST.
Flavor | Version | Tinstall | Tcheck | Ttotal | Status | Flags |
---|---|---|---|---|---|---|
r-devel-linux-x86_64-debian-clang | 2.0.1 | 181.79 | 456.95 | 638.74 | OK | |
r-devel-linux-x86_64-debian-gcc | 2.0.1 | 162.13 | 346.56 | 508.69 | OK | |
r-devel-linux-x86_64-fedora-clang | 2.0.1 | 787.86 | NOTE | |||
r-devel-linux-x86_64-fedora-gcc | 2.0.1 | 808.34 | OK | |||
r-devel-windows-x86_64 | 2.0.1 | 152.00 | 510.00 | 662.00 | NOTE | |
r-patched-linux-x86_64 | 2.0.1 | 174.80 | 452.87 | 627.67 | OK | |
r-release-linux-x86_64 | 2.0.1 | 166.50 | 447.91 | 614.41 | OK | |
r-release-macos-arm64 | 2.0.1 | 209.00 | NOTE | |||
r-release-macos-x86_64 | 2.0.1 | 261.00 | NOTE | |||
r-release-windows-x86_64 | 2.0.1 | 147.00 | 506.00 | 653.00 | NOTE | |
r-oldrel-macos-arm64 | 2.0.1 | 239.00 | NOTE | |||
r-oldrel-macos-x86_64 | 2.0.1 | 309.00 | NOTE | |||
r-oldrel-windows-ix86+x86_64 | 2.0.1 | 394.00 | 819.00 | 1213.00 | NOTE |
Version: 2.0.1
Check: installed package size
Result: NOTE
installed size is 5.4Mb
sub-directories of 1Mb or more:
doc 4.0Mb
Flavors: r-devel-linux-x86_64-fedora-clang, r-devel-windows-x86_64, r-release-macos-arm64, r-release-macos-x86_64, r-release-windows-x86_64, r-oldrel-macos-arm64, r-oldrel-macos-x86_64, r-oldrel-windows-ix86+x86_64