Last updated on 2022-08-15 08:50:08 CEST.
Flavor | Version | Tinstall | Tcheck | Ttotal | Status | Flags |
---|---|---|---|---|---|---|
r-devel-linux-x86_64-debian-clang | 4.5.5 | 428.18 | 623.89 | 1052.07 | NOTE | |
r-devel-linux-x86_64-debian-gcc | 4.5.5 | 340.96 | 460.64 | 801.60 | NOTE | |
r-devel-linux-x86_64-fedora-clang | 4.5.5 | 1331.78 | NOTE | |||
r-devel-linux-x86_64-fedora-gcc | 4.5.5 | 1341.13 | NOTE | |||
r-devel-windows-x86_64 | 4.5.5 | 408.00 | 735.00 | 1143.00 | NOTE | |
r-patched-linux-x86_64 | 4.5.5 | 385.29 | 593.15 | 978.44 | NOTE | |
r-release-linux-x86_64 | 4.5.5 | 369.48 | 586.23 | 955.71 | NOTE | |
r-release-macos-arm64 | 4.5.5 | 255.00 | NOTE | |||
r-release-macos-x86_64 | 4.5.5 | 408.00 | NOTE | |||
r-release-windows-x86_64 | 4.5.5 | 419.00 | 716.00 | 1135.00 | NOTE | |
r-oldrel-macos-arm64 | 4.5.5 | 262.00 | NOTE | |||
r-oldrel-macos-x86_64 | 4.5.5 | 396.00 | NOTE | |||
r-oldrel-windows-ix86+x86_64 | 4.5.5 | 1012.00 | 1061.00 | 2073.00 | NOTE |
Version: 4.5.5
Check: Rd files
Result: NOTE
checkRd: (-1) detectfn.Rd:183: Escaped LaTeX specials: \&
checkRd: (-1) sim.popn.Rd:25: Escaped LaTeX specials: \^
checkRd: (-1) utility.Rd:47: Escaped LaTeX specials: \&
Flavors: r-devel-linux-x86_64-debian-clang, r-devel-linux-x86_64-debian-gcc, r-devel-linux-x86_64-fedora-clang, r-devel-linux-x86_64-fedora-gcc, r-devel-windows-x86_64
Version: 4.5.5
Check: for GNU extensions in Makefiles
Result: NOTE
GNU make is a SystemRequirements.
Flavors: r-devel-linux-x86_64-debian-clang, r-devel-linux-x86_64-debian-gcc, r-devel-linux-x86_64-fedora-clang, r-devel-linux-x86_64-fedora-gcc, r-devel-windows-x86_64, r-patched-linux-x86_64, r-release-linux-x86_64, r-release-macos-arm64, r-release-macos-x86_64, r-release-windows-x86_64, r-oldrel-macos-arm64, r-oldrel-macos-x86_64, r-oldrel-windows-ix86+x86_64
Version: 4.5.5
Check: HTML version of manual
Result: NOTE
Found the following math rendering problems:
RSE.Rd:30: Undefined control sequence: \var in ... = \sqrt {\exp(\var (\beta))-1}
Rsurface.Rd:85-86: Can't use function '\bold' in text mode in d = |\mbox{\bold{x}} - \mbox{\b...
Rsurface.Rd:92: Can't use function '\bold' in text mode in z(\mbox{\bold{x}})
Rsurface.Rd:94-95: Can't use function '\bold' in text mode in R(\mbox{\bold{s}}) = \sum_x ...
Rsurface.Rd:100-101: Can't use function '\bold' in text mode in R'(\mbox{\bold{s}}) = R(\mbox...
Rsurface.Rd:102: Can't use function '\bold' in text mode in R'(\mbox{\bold{s}})
Rsurface.Rd:104-105: Can't use function '\bold' in text mode in 1 /
R'(\mbox{\bold{s}})
Rsurface.Rd:106: Can't use function '\bold' in text mode in 1 / R(\mbox{\bold{s}})
Flavors: r-devel-linux-x86_64-debian-clang, r-devel-linux-x86_64-debian-gcc, r-devel-linux-x86_64-fedora-clang, r-devel-linux-x86_64-fedora-gcc
Version: 4.5.5
Check: installed package size
Result: NOTE
installed size is 5.2Mb
sub-directories of 1Mb or more:
R 1.5Mb
libs 2.0Mb
Flavors: r-devel-windows-x86_64, r-release-macos-arm64, r-release-macos-x86_64, r-release-windows-x86_64, r-oldrel-macos-arm64, r-oldrel-macos-x86_64, r-oldrel-windows-ix86+x86_64