Last updated on 2022-08-15 08:50:11 CEST.
Flavor | Version | Tinstall | Tcheck | Ttotal | Status | Flags |
---|---|---|---|---|---|---|
r-devel-linux-x86_64-debian-clang | 1.7.4 | 18.85 | 154.50 | 173.35 | OK | |
r-devel-linux-x86_64-debian-gcc | 1.7.4 | 12.52 | 113.61 | 126.13 | OK | |
r-devel-linux-x86_64-fedora-clang | 1.7.4 | 215.26 | NOTE | |||
r-devel-linux-x86_64-fedora-gcc | 1.7.4 | 222.13 | NOTE | |||
r-devel-windows-x86_64 | 1.7.4 | 35.00 | 167.00 | 202.00 | OK | |
r-patched-linux-x86_64 | 1.7.4 | 14.54 | 143.17 | 157.71 | OK | |
r-release-linux-x86_64 | 1.7.4 | 16.76 | 141.85 | 158.61 | OK | |
r-release-macos-arm64 | 1.7.4 | 52.00 | NOTE | |||
r-release-macos-x86_64 | 1.7.4 | 84.00 | NOTE | |||
r-release-windows-x86_64 | 1.7.4 | 41.00 | 174.00 | 215.00 | OK | |
r-oldrel-macos-arm64 | 1.7.4 | 55.00 | NOTE | |||
r-oldrel-macos-x86_64 | 1.7.4 | 75.00 | NOTE | |||
r-oldrel-windows-ix86+x86_64 | 1.7.4 | 40.00 | 166.00 | 206.00 | OK |
Version: 1.7.4
Check: dependencies in R code
Result: NOTE
Namespaces in Imports field not imported from:
‘knitr’ ‘rmarkdown’ ‘rpart.plot’
All declared Imports should be used.
Flavors: r-devel-linux-x86_64-fedora-clang, r-devel-linux-x86_64-fedora-gcc, r-release-macos-arm64, r-release-macos-x86_64, r-oldrel-macos-arm64, r-oldrel-macos-x86_64